 n(z) = -z**2 - 2*z + 7. Let s be n(2). Let c be (79183/(-26))/(s/2). Suppose 3641 = 2*m + m - 5*f, 5*m + 3*f - c = 0. Is m prime?
True
Suppose -2*b - 13804 = -3*q + 24427, -q + b = -12746. Is q prime?
True
Let v(t) = 9*t**3 + 15*t**2 + 9*t - 52. Let d(y) = 8*y**3 + 15*y**2 + 10*y - 50. Let u(j) = -3*d(j) + 2*v(j). Is u(-11) prime?
False
Is (-74460000)/(-1224) - 1/3 prime?
False
Let o be (4/3)/((-2)/9). Let v(i) = -i - 1. Let t be v(o). Is (t + 848/(-6))*-3 a composite number?
False
Suppose 366872 + 389285 = 5*x + 4*y, 604955 = 4*x - y. Is x composite?
False
Suppose 816 = -9*u - 8*u. Is ((-60)/u)/(3/59676) prime?
False
Is 12*(-12)/(-336) - 319834/(-7) composite?
False
Let l(a) = a**3 - 4*a**2 - 19*a + 45. Let r(y) = -y - 1. Let g(t) = l(t) + 3*r(t). Is g(19) composite?
False
Let i(j) = j**2 - 12*j + 35. Let a be i(8). Suppose a*d - 1323 = 300. Is d a prime number?
True
Let f be (-3)/12 + (-791)/4. Suppose 0 = -5*k - 5*n + 2970, n + 1176 = 2*k - n. Let x = k - f. Is x composite?
True
Let n(s) = 96*s**2 - 15*s - 2. Let p be n(-13). Let m = -11714 + p. Is m a composite number?
False
Let s = 4105 + -2160. Suppose -s - 437 = -6*p. Is p a prime number?
True
Let k = -33 + 65. Let d = -40 + k. Is -1*d/(-4)*(-377)/2 a prime number?
False
Let u be (-50)/(-15)*(-18)/12. Is (-2 - 3) + (-1406)/(u/5) a prime number?
False
Let l(y) = 5113*y**2 + 84*y - 606. Is l(9) a composite number?
True
Let f = -132 + 130. Let j be -2 + (1 - (-4 - f)) - 0. Is (j*-2)/(-3 + 5) - -480 a prime number?
True
Is (-119302)/5*405/(-162) a composite number?
False
Suppose -2*a - 9*d + 3296 = -2*d, a - 1639 = -5*d. Is a composite?
False
Suppose 389*t + 5733853 = 420*t. Is t a prime number?
False
Let q = 983 + -520. Suppose 11*n - 9362 + q = 0. Is n composite?
False
Let n = -260 + 262. Is (2 + -1 - n) + 23940/19 a composite number?
False
Suppose -4*c - 166 + 222 = 0. Suppose w - 23 + 6 = 0. Suppose c*y = w*y - 2859. Is y prime?
True
Suppose 33199 = z - 4*g - 97938, 0 = -5*z - 5*g + 655685. Is z composite?
True
Let w(p) = 51*p - 9. Let r = -77 - -50. Let l = r - -29. Is w(l) a composite number?
True
Let o(t) = -13*t + 37. Let f be o(3). Is (-273 + -13)/(f*1) a prime number?
False
Suppose 2*r - 5*y - 73935 = 0, -38693 + 1729 = -r - y. Is r prime?
False
Let g be (8/14 - (-720)/14) + 1. Suppose -g*p + 252790 + 187693 = 0. Is p a composite number?
False
Let w(s) = s**3 + 15*s**2 + 11*s + 19. Let q be w(-14). Suppose 17423 = q*a - 54*a. Is a prime?
False
Let r be 8/(-52) - (-30)/26. Suppose 3*g = -p + 18, 0*p + 16 = 4*p - 2*g. Is (-7 + p)/((-7740)/7737 + r) composite?
False
Let s = 3248229 + -2059772. Is s a composite number?
False
Let k = -4361 + 3060. Let s = k - -2250. Is s prime?
False
Suppose 0 = -4*z + 2868 - 804. Suppose -z = 4*r - 4352. Is r prime?
False
Let d(k) = 19*k**3 - 2*k**2 + 4*k - 2. Let i be d(1). Suppose 12 = 17*s - i*s. Is (3*1)/(s/(-546)*7) a composite number?
True
Let a = -955 - -825. Suppose -v + 3 = 2. Is (a/(-78))/(v/1011) composite?
True
Let t be -3*(-4 - -16) + (-6)/(-3). Let c(r) = -267*r + 13. Is c(t) a composite number?
False
Suppose -28 - 80 = 4*g. Let r = -55 - g. Is (-389 - r)*1/(-1) a composite number?
True
Let y = 53543 + -32625. Is y prime?
False
Is 546671742/710 - 1/((-20)/16) composite?
False
Let i be ((-8)/(-3) - -2)/((-2)/3). Let l be (i - -1)*(-46)/69. Is l/10 + 2/((-30)/(-12609)) prime?
False
Let z(y) = 20*y - 11. Suppose 3*b - 18 = -h, -h + 8 = -0*b + 5*b. Suppose 0 = 5*o - h - 22. Is z(o) composite?
True
Let l(g) = -88*g + 3. Let s(z) = -3*z**3 + 4*z**3 - 7*z - 4 - 6*z**2 + 0. Let u be s(7). Is l(u) a prime number?
False
Let i(o) = o**2 + 5*o - 18. Let q be i(-8). Let y be 5 + (q/24)/((-1)/4). Suppose 8*d - 6*d - 7734 = -y*k, 1941 = k + 2*d. Is k prime?
True
Let n = -23 + 49. Suppose 762 = n*g - 23*g. Suppose v + b = 129, -2*v + b = 4*b - g. Is v composite?
True
Let x = -331 - -341. Suppose 13*h = x*h + 26031. Is h a composite number?
False
Let u = -170012 + 285069. Is u a prime number?
True
Let k be (-12)/(-7)*21/6. Suppose 2*x - 7024 = k*x. Let s = 2595 + x. Is s composite?
False
Let s(m) = -2*m**2 + 39*m - 86. Let n be s(18). Is ((-48813)/(-12))/((-8)/n) a prime number?
False
Is (282/(-27))/((-68)/93942) a composite number?
True
Suppose 3160 = 4*c - 2*o - 0*o, -3*c - 2*o = -2384. Let j be -118*38/(-4) - 0. Let z = j - c. Is z prime?
False
Let j(r) = 715*r**2 - 6 - 663*r**2 + 1 + 13*r + 3. Is j(-7) composite?
True
Suppose -4*f + 4*i = -1552, -4*f = -4*i + i - 1552. Let t = 1067 - f. Is t composite?
True
Let n = 2082 + 1671. Suppose f = -u + 5*f + 3777, u + 2*f = n. Is u a prime number?
True
Suppose 217110 = 5*i - h, 10357 + 76504 = 2*i + 3*h. Is i a prime number?
False
Suppose -736*g = -741*g + 29755. Is g a composite number?
True
Suppose -5*u - 1941 = b - 2*b, 0 = -5*b - 4*u + 9560. Suppose 4*m - b = w, 3*m - 3*w - 1725 = -288. Is m prime?
True
Let f(j) = -16*j**3 - 21*j**2 - j + 116. Let n(z) = 24*z**3 + 31*z**2 + z - 174. Let x(r) = 7*f(r) + 5*n(r). Is x(8) a prime number?
False
Let i be 1/(33/(-7612)) - 4/(-6). Is (-24106)/(-10) - 92/i composite?
False
Suppose 12 = -4*n + 8. Is 4 + 985 - n - (-3 - 2) a prime number?
False
Suppose -2*s = -7*s + 1370. Suppose -3*y + v = 3*v - s, -5*y = -v - 448. Suppose y = -2*t + 2108. Is t prime?
True
Suppose 2*d = -2*z + 1898514, 0 = d + 52*z - 56*z - 949237. Is d prime?
True
Let b be 34/187 + 17772/22. Suppose -m = i - b, 0 = 2*m - 3*m - 5*i + 828. Is m a composite number?
True
Let i(p) = -2*p + 1. Let l(a) = -5*a + 3. Let x(j) = -7*i(j) + 4*l(j). Let v be x(0). Suppose v*d - 1027 = 268. Is d composite?
True
Suppose -537 = -5*z + 2698. Is z a composite number?
False
Let g = 98 - 95. Is (-13)/39 - (-5668)/g a prime number?
True
Is (832/128)/(1/15838) a prime number?
False
Let y = -410 + 412. Is (5 + 33197 + (5 - 1))/y prime?
True
Let c(s) = s**3 + 138*s**2 + 1402*s - 196. Is c(-111) a prime number?
True
Let p = 2453 + -971. Suppose 3*i = 4*d + p, -2475 = 2*i - 7*i + 5*d. Suppose 5*z + z = i. Is z a composite number?
False
Let w = -31716 - -51853. Is w composite?
True
Let p = 9 - 15. Let o be 2/((-16)/3) - 7167/24. Let v = p - o. Is v prime?
True
Suppose -4*m + 293 = 5*b, 0 = 4*m + 2*b - 281 - 9. Suppose 66*n - m*n = -70458. Is n a composite number?
False
Let c be 306/24 - (21/12 - 2). Suppose 5*o = -9*o + c*o. Suppose o = 5*x - 5, 2921 = 2*r - 3*x - 146. Is r a prime number?
False
Is 528574 + (-31)/(558/270) prime?
True
Let z be (-52)/(-91) - 538/(-14). Let t = 41 - z. Suppose -3*b - 8533 = -2*v, 3*b = t*v + b - 8528. Is v composite?
False
Let k(o) = -80073*o + 19864. Is k(-19) prime?
True
Let b(f) = 14045*f - 34. Is b(3) composite?
False
Suppose 4*a = 2*r + 383 + 24523, -4*r - 6209 = -a. Is a a composite number?
False
Suppose 16*v = 7*v - 6*v + 7132335. Is v a prime number?
False
Let l(v) = -555*v - 39. Let p be l(-8). Let r be p/(-2)*((0 - 1) + -1). Suppose 13279 = 3*x + 4*n, x + 0*n - r = 5*n. Is x prime?
True
Let a = 371 + -366. Suppose a*f = -3*y + 8204, 12*y = -3*f + 7*y + 4932. Is f a composite number?
True
Let c be (-209259)/(-36) + (5/4)/5. Suppose 2*i - c = -3*o, -2*i = -o - 4286 - 1507. Is i a prime number?
False
Let z(p) = -2*p**3 + 267*p**2 + 301*p + 231. Is z(124) a prime number?
False
Let u(o) = -o**2 - 16*o - 25. Let w be u(-2). Is (-2370)/(-1) + -4 + (8 - w) a composite number?
False
Let u(y) = 68*y**2 - 29*y + 377. Is u(18) prime?
False
Let r(y) = -7*y**3 - 4*y**2 + 18*y - 6. Let f be r(7). Let c = f + 4602. Let x = 3024 - c. Is x prime?
False
Suppose -7*v + 4 + 24 = 0. Suppose 0 = 2*d - v*p - 2107 - 3559, 5*d - 14190 = 5*p. Is d composite?
False
Let i(c) = -2*c**2 + 7*c - 10. Let q be i(3). Let z(t) = t**2 + 9*t + 26. Let h be z(q). Suppose -2*f = w - 414, -2*w - h = -5*w. Is f a prime number?
False
Let x(i) = 19*i**3 - 5*i**2 + 2*i - 5. Let v = 64 - 60. Let w be x(v). Suppose -w - 190 = -3*t. Is t prime?
True
Let k = -56595 - -204196. Is k a composite number?
True
Suppose -84*i = -170*i + 71*i + 6379635. Is i prime?
True
Let d(x) = -268284*x + 599. Is d(-3) prime?
True
Let w be 4736/72 - (-2)/9. Let s = 72 - w. Suppose -s*z + 95 = -1495. Is z composite?
True
Suppose -12*s + 134552 = -8*s + w, -168201 = -5*s - 4*w. Is s prime?
True
Is (-3 + -495475 + -5)*(-3 - 40/(-15)) a composite n